 200?
192
Calculate the remainder when 9535 is divided by 244.
19
What is the remainder when 1515313 is divided by 178?
177
What is the remainder when 8376 is divided by 7?
4
What is the remainder when 61913 is divided by 39?
20
What is the remainder when 14013 is divided by 7?
6
What is the remainder when 8380 is divided by 518?
92
What is the remainder when 65422 is divided by 481?
6
Calculate the remainder when 79425 is divided by 1151.
6
What is the remainder when 2777 is divided by 1320?
137
Calculate the remainder when 10986 is divided by 32.
10
What is the remainder when 4553 is divided by 2252?
49
Calculate the remainder when 159421 is divided by 14.
3
What is the remainder when 318 is divided by 101?
15
Calculate the remainder when 1399 is divided by 491.
417
What is the remainder when 43726 is divided by 30?
16
Calculate the remainder when 786505 is divided by 46.
43
What is the remainder when 1749 is divided by 1714?
35
What is the remainder when 9145 is divided by 149?
56
What is the remainder when 10546 is divided by 310?
6
What is the remainder when 202373 is divided by 101154?
65
What is the remainder when 5879 is divided by 38?
27
Calculate the remainder when 101726 is divided by 201.
20
What is the remainder when 10363 is divided by 1418?
437
Calculate the remainder when 13072 is divided by 413.
269
What is the remainder when 14344 is divided by 1585?
79
Calculate the remainder when 790 is divided by 54.
34
Calculate the remainder when 5300 is divided by 379.
373
Calculate the remainder when 14615 is divided by 200.
15
Calculate the remainder when 39734 is divided by 5657.
135
Calculate the remainder when 1077 is divided by 53.
17
Calculate the remainder when 25640 is divided by 1586.
264
What is the remainder when 797 is divided by 327?
143
What is the remainder when 4881 is divided by 19?
17
Calculate the remainder when 1536 is divided by 414.
294
What is the remainder when 14079 is divided by 160?
159
What is the remainder when 28960 is divided by 78?
22
What is the remainder when 5993 is divided by 182?
169
Calculate the remainder when 123285 is divided by 24.
21
What is the remainder when 4749 is divided by 2348?
53
What is the remainder when 1116518 is divided by 336?
326
Calculate the remainder when 155859 is divided by 626.
611
Calculate the remainder when 5620 is divided by 106.
2
Calculate the remainder when 24562 is divided by 450.
262
Calculate the remainder when 578 is divided by 307.
271
Calculate the remainder when 202512 is divided by 610.
602
What is the remainder when 50689 is divided by 3379?
4
What is the remainder when 6792 is divided by 189?
177
Calculate the remainder when 26551 is divided by 1020.
31
Calculate the remainder when 11098 is divided by 10.
8
What is the remainder when 308530 is divided by 154264?
2
What is the remainder when 78642 is divided by 321?
318
What is the remainder when 2531156 is divided by 993?
992
What is the remainder when 1625 is divided by 877?
748
What is the remainder when 10723 is divided by 325?
323
What is the remainder when 24324 is divided by 2020?
84
What is the remainder when 1983 is divided by 155?
123
Calculate the remainder when 31980 is divided by 79.
64
What is the remainder when 7712 is divided by 789?
611
What is the remainder when 20071 is divided by 10029?
13
Calculate the remainder when 73475 is divided by 628.
627
Calculate the remainder when 85682 is divided by 5.
2
What is the remainder when 96249 is divided by 11?
10
What is the remainder when 1186 is divided by 82?
38
What is the remainder when 277627 is divided by 25?
2
Calculate the remainder when 9592 is divided by 160.
152
What is the remainder when 1283108 is divided by 543?
542
Calculate the remainder when 656442 is divided by 1462.
4
Calculate the remainder when 96216 is divided by 3.
0
Calculate the remainder when 86731 is divided by 1495.
21
What is the remainder when 58013 is divided by 249?
245
What is the remainder when 10640 is divided by 153?
83
Calculate the remainder when 48467 is divided by 3.
2
Calculate the remainder when 535278 is divided by 48.
30
Calculate the remainder when 910481 is divided by 227618.
9
Calculate the remainder when 147867 is divided by 36966.
3
What is the remainder when 5530 is divided by 368?
10
What is the remainder when 22016 is divided by 5495?
36
Calculate the remainder when 717009 is divided by 54.
51
What is the remainder when 2556 is divided by 152?
124
Calculate the remainder when 1187 is divided by 108.
107
Calculate the remainder when 1095 is divided by 66.
39
Calculate the remainder when 5107 is divided by 1698.
13
What is the remainder when 10951 is divided by 100?
51
What is the remainder when 11247 is divided by 74?
73
What is the remainder when 67206 is divided by 542?
540
What is the remainder when 1189 is divided by 174?
145
Calculate the remainder when 428253 is divided by 822.
813
Calculate the remainder when 83098 is divided by 1123.
1119
What is the remainder when 1934 is divided by 97?
91
Calculate the remainder when 1834 is divided by 621.
592
What is the remainder when 3516 is divided by 1101?
213
What is the remainder when 10847 is divided by 386?
39
Calculate the remainder when 4668 is divided by 7.
6
What is the remainder when 1987 is divided by 1785?
202
What is the remainder when 121348 is divided by 799?
699
What is the remainder when 835499 is divided by 1197?
1190
What is the remainder when 86521 is divided by 9599?
130
What is the remainder when 11710 is divided by 217?
209
What is the remainder when 1079131 is divided by 96?
91
What is the remainder when 262736 is divided by 3599?
9
What is the remainder when 18786 is divided by 4527?
678
What is the remainder when 51435 is divided by 2057?
10
Calculate the remainder when 97983 is divided by 16.
15
Calculate the remainder when 8025 is divided by 698.
347
What is the remainder when 52131 is divided by 29?
18
What is the remainder when 4860 is divided by 72?
36
What is the remainder when 356 is divided by 304?
52
Calculate the remainder when 24084 is divided by 1204.
4
Calculate the remainder when 1352152 is divided by 52.
48
What is the remainder when 80176 is divided by 407?
404
What is the remainder when 1063 is divided by 107?
100
What is the remainder when 2620 is divided by 69?
67
Calculate the remainder when 6357 is divided by 280.
197
Calculate the remainder when 8620 is divided by 125.
120
What is the remainder when 12988 is divided by 58?
54
What is the remainder when 257241 is divided by 97?
94
Calculate the remainder when 2391 is divided by 592.
23
Calculate the remainder when 30693 is divided by 41.
25
Calculate the remainder when 57444 is divided by 334.
330
Calculate the remainder when 29265 is divided by 7271.
181
What is the remainder when 3403 is divided by 874?
781
What is the remainder when 5569 is divided by 695?
9
What is the remainder when 8291 is divided by 916?
47
Calculate the remainder when 11101 is divided by 11088.
13
Calculate the remainder when 9006 is divided by 2246.
22
What is the remainder when 7412 is divided by 418?
306
What is the remainder when 12564 is divided by 79?
3
What is the remainder when 282031 is divided by 25637?
24
Calculate the remainder when 8702 is divided by 271.
30
Calculate the remainder when 479 is divided by 175.
129
What is the remainder when 137319 is divided by 45766?
21
Calculate the remainder when 30071 is divided by 18.
11
What is the remainder when 32630 is divided by 7?
3
What is the remainder when 32024 is divided by 15962?
100
What is the remainder when 8724 is divided by 132?
12
What is the remainder when 10137 is divided by 166?
11
Calculate the remainder when 62507 is divided by 1567.
1394
Calculate the remainder when 142156 is divided by 20.
16
What is the remainder when 1056847 is divided by 50?
47
What is the remainder when 22357 is divided by 696?
85
Calculate the remainder when 835 is divided by 816.
19
Calculate the remainder when 39981 is divided by 55.
51
What is the remainder when 7111 is divided by 91?
13
What is the remainder when 2394 is divided by 617?
543
What is the remainder when 27162 is divided by 17?
13
Calculate the remainder when 133014 is divided by 719.
718
What is the remainder 